 the greatest common divisor of 1245 and g.
15
Let y be ((-6)/1)/(6/(-56)). Let k = -3 - -10. What is the highest common factor of y and k?
7
Suppose 2*b - 20 - 13 = 5*f, -b - f + 6 = 0. Let p(m) = m - 4. Let y be p(b). What is the greatest common factor of y and 15?
5
Suppose 0 = 5*o + 3*y - 6615, -5*y + 2215 = -4*o + 7544. What is the highest common factor of 102 and o?
102
Suppose 0 = -90*o + 97 + 173. Let y(r) = r**3 - 6*r**2 + 4*r + 6. Let x be y(5). Calculate the highest common divisor of x and o.
1
Let y(f) = -f**2 + 6*f - 6. Let p be y(4). Suppose 0 = -2*b + 2*o + 188, -5*o - 110 = b - p*b. Calculate the highest common divisor of 60 and b.
30
Suppose -5*o = -28 + 3. Suppose -5*s + 15 = 0, o*s + 468 = -r + 4*r. What is the highest common factor of r and 23?
23
Let b = -2 - -17. Let y(f) = 7*f + 2. Let g be y(4). Calculate the highest common divisor of g and b.
15
Let x be (-10 + 2)*35/(-10). Calculate the greatest common divisor of 28 and x.
28
Let g be (-4)/(8/478)*3. Let z be (-2)/13 + g/(-13). Let k = 14 - 9. What is the greatest common factor of k and z?
5
Suppose 22*h - 495 = 17*h. Suppose -55 = -7*n + h. Calculate the greatest common divisor of 55 and n.
11
Suppose 13 = 4*p + 37. Let q(z) = -z**3 - 4*z**2 + 6*z - 12. Let r be q(p). What is the greatest common factor of r and 8?
8
Let q(o) = -o + 7. Let t be q(6). Let w be -30*(55/15 - 3). Let i(l) = -l - 17. Let y be i(w). Calculate the greatest common factor of y and t.
1
Suppose -10*v = -14*v + 704. Calculate the highest common divisor of v and 16.
16
Suppose -s + 6*s + 2*y - 72 = 0, -2*s + 16 = 4*y. Calculate the highest common factor of 12 and s.
4
Let i(t) = -2*t**3 - t**2 - 2*t. Let y be i(-4). Suppose q - 53 = -j, 3*j = -3*q - 2*q + 255. Calculate the highest common divisor of y and q.
24
Suppose -49719 + 12213 = -21*g. What is the highest common divisor of g and 94?
94
Suppose 0 = -f + z + 34, -3*f - 21 = 4*z - 95. Let l be -7*6/(-21)*(-3)/(-2). Calculate the highest common divisor of l and f.
3
Suppose -170 = -2*s + 166. Let t = -28 + s. What is the highest common divisor of 40 and t?
20
Let d = -4 - -98. What is the highest common factor of 2 and d?
2
Let p = 113 + -65. Suppose j = 4*j - 18. Calculate the highest common factor of j and p.
6
Suppose 2*c - 6*r = -8*r + 40, c + 2*r - 22 = 0. What is the greatest common factor of 144 and c?
18
Let a be (713/93)/(2/54). Calculate the highest common divisor of a and 23.
23
Let p(c) = -c**3 - 7*c**2 + 7*c - 4. Let g be (-23)/(-2) + 5/10. Let h be 2/(-1) + (g - 18). Let v be p(h). Calculate the highest common factor of 1 and v.
1
Let s = 871 + -805. What is the greatest common factor of 3498 and s?
66
Let x = -1160 - -1179. Let o(t) = -4 + 5*t + 1 - 2*t**2 + 6*t**2. Let p be o(6). Calculate the highest common factor of x and p.
19
Let f = -1641 - -1643. Calculate the highest common factor of f and 526.
2
Let p = 56 - 44. Let m(a) be the third derivative of a**5/15 + a**4/3 - a**3/3 + 6*a**2. Let k be m(-4). What is the greatest common factor of p and k?
6
Suppose -3*j - 3*i + 1593 = 0, -5*i - 2665 = 87*j - 92*j. Calculate the highest common divisor of j and 304.
76
Suppose -5*z - 21 = -31. Suppose -z*v + 3 = -1. What is the greatest common factor of v and 14?
2
Suppose -7*j - 11*j + 24912 = 0. Calculate the highest common factor of j and 8.
8
Let q = 15 - 27. Let c be q*(4 - (-56)/(-12)). Calculate the highest common divisor of 2 and c.
2
Let s(j) be the third derivative of j**6/120 - j**5/12 + j**4/4 - j**3/2 - j**2. Let m be s(5). Calculate the greatest common divisor of 189 and m.
27
Let c(b) = -b**3 - 8*b**2 - 19*b + 6. Let y be c(-6). Calculate the highest common factor of y and 78.
6
Suppose 12*h = -4*u + 11*h + 17, -5*h = -u + 20. What is the greatest common divisor of u and 815?
5
Let m be 6/(-108)*-1797 + (-5)/6. Calculate the greatest common factor of m and 2178.
99
Suppose -2*t - 230 = 4*i, 0 = -2*i - 4*t - 74 - 26. Let w be (1/(-2))/(3/i). Calculate the highest common divisor of 30 and w.
10
Suppose l - 16 + 17 = 0. Let z = 13 + l. What is the highest common divisor of 6 and z?
6
Let o = -34 + -2. Let g = 94 + o. Suppose -z + 3*v = -130, -4*v - 400 = -3*z + 15. Calculate the highest common divisor of g and z.
29
Let h(x) = 22*x**3 + 2*x**2 + 2*x - 3. Let t be h(1). What is the highest common divisor of t and 115?
23
Let o(g) = -30*g**3 + g**2 + g - 1. Let z be o(1). Let m = z + 46. What is the highest common divisor of 119 and m?
17
Let w = 84 + -77. Let k be (-33)/(-5) - 4/(-10). What is the highest common factor of k and w?
7
Suppose 242 = 2*u + 194. Calculate the highest common divisor of u and 228.
12
Let d(y) = y**3 - 4*y**2 - 9*y + 9. Let g be d(6). Let t = -18 - -21. What is the highest common divisor of t and g?
3
Let j = -104 + 176. What is the greatest common factor of j and 576?
72
Suppose 23 = 4*b - 1. Suppose 2*f + 220 = 40. Let n = f + 156. What is the highest common divisor of b and n?
6
Let b = -17 + 59. Suppose -4 = 2*u + 4*l, -5*u + 4*l + b + 4 = 0. Suppose -u*v = -v - 20. What is the greatest common factor of 28 and v?
4
Suppose 0 = -5*v + 717 + 303. Suppose -5*d = -3*d - v. Calculate the greatest common factor of 34 and d.
34
Let t be (-5)/(-5) + (-2)/1 - -1. Suppose 4*s - 4 = 0, -5*s = -2*h - t*h + 59. Calculate the greatest common divisor of h and 352.
32
Suppose 277 = 22*l - 163. Suppose -4*m = -3*a + 656, 3*m + 1097 = 2*a + 3*a. Calculate the greatest common divisor of l and a.
20
Let g(i) = 2*i - 4. Let k be g(11). Suppose -4*s + k = 2. Suppose -t = 5*d - 2 - 4, -t + 5*d + 6 = 0. Calculate the greatest common divisor of t and s.
2
Let q be (-6 - (-6 - 3)) + 0 - -2529. Calculate the greatest common factor of 24 and q.
12
Suppose -2*x + 26 = 3*u + 2, -3*x + 4*u = -36. What is the highest common factor of x and 222?
6
Suppose 0*d + d = 11. Let w be 741/21 - (-4)/(-14). Let u = w - 24. Calculate the highest common factor of d and u.
11
Let r = -1759 + 2461. Calculate the greatest common factor of 216 and r.
54
Let h(u) = u**2 + 7*u + 6. Let n be h(-4). Let p be -1*3*196/n. Let a be 4/16*-21*24/(-9). Calculate the highest common factor of p and a.
14
Suppose 2*o - 8 = 5*n + 1, -2*n = -4*o + 10. Let v be 1 + -1 + 11*o. Let f(t) = -88*t. Let s be f(-2). Calculate the highest common divisor of s and v.
22
Let j(w) = w**3 - 51*w**2 - 100*w - 267. Let h be j(53). What is the greatest common divisor of 187 and h?
17
Let n(d) = d**2 + 26*d + 176. Let q be n(-12). Calculate the greatest common factor of 148 and q.
4
Let d be (-3 - -94)/(0 + 3 - 2). What is the greatest common factor of d and 52?
13
Let s be (-288)/(-12) + 6/2. Suppose 0 = 4*k - 2*h + h - 13, 0 = -3*h - 3. What is the highest common factor of s and k?
3
Let d = -117 - -194. Let x(f) = f**3 + 6*f**2 - 9*f - 7. Let k be x(-7). What is the highest common factor of d and k?
7
Suppose -5*w + 27 = z, -5*z + 24 = -2*z - 4*w. Let i(j) = -j**3 + 3*j**2 + 11*j - 10. Let n be i(4). What is the highest common factor of z and n?
6
Let d be ((-24)/(-16))/((-6)/(-116)). Suppose 4*l + 0*l - 20 = 0. Let z be -1*(-205 + l + -3). Calculate the greatest common divisor of z and d.
29
Let q(n) = 3*n - 14. Let g be q(12). Let s = -10 + g. Let m = 32 - s. What is the highest common factor of m and 5?
5
Let m = 2 - -4. Let o be ((-663)/(-442))/(1/(-4)*-2). Calculate the highest common divisor of m and o.
3
Let b(w) = -2*w**2 - 21*w + 210. Let r be b(0). What is the greatest common divisor of r and 189?
21
Suppose 1 = r - 0*r. Let y be 0/r - -3 - -3. Let l be ((-9)/y)/(2/(-12)). What is the greatest common divisor of 6 and l?
3
Let x = -98 - -126. What is the greatest common factor of x and 364?
28
Let q = -109 - 189. Let h = -482 - q. Let a = h - -339. Calculate the greatest common divisor of 31 and a.
31
Let r be (-181)/(-2) + (-3)/6. Let c = -284 - -104. Let w be (2/(-5))/(4/c). Calculate the highest common factor of w and r.
18
Let k be ((-1133)/(-515))/(1/20). Calculate the greatest common factor of 64 and k.
4
Let h be 984/60 - (-6)/10. Suppose 0 = h*y - 13*y - 48. What is the greatest common divisor of y and 16?
4
Suppose 16 = 6*h + 52. Let w be (-96)/(-28) - h/(-14). Suppose 24 = -c + w*c. What is the greatest common factor of 36 and c?
12
Let b be ((-